{"id":60,"date":"2018-03-26T09:16:11","date_gmt":"2018-03-26T09:16:11","guid":{"rendered":"http:\/\/harvestehuder.de\/?page_id=60"},"modified":"2026-02-06T15:05:52","modified_gmt":"2026-02-06T15:05:52","slug":"beitreten","status":"publish","type":"page","link":"https:\/\/harvestehuder.de\/?page_id=60","title":{"rendered":"MITMACHEN"},"content":{"rendered":"<p><span style=\"color: #ffffff;\">.mit<\/span><\/p>\n<h4 style=\"text-align: center;\"><a href=\"mailto:mitmachen@harvestehuder.de\"><em><span style=\"color: #ff9900;\">mitmachen@harvestehuder.de<\/span><\/em><\/a><\/h4>\n<p><span style=\"color: #ffffff;\">.<\/span><\/p>\n<h3>Mach mit: als Musiker!<\/h3>\n<p>Wir proben jeden Dienstag um <strong>18:45<\/strong> in Hamburg. Unsere Saison beginnt mit dem Semesteranfang und endet mit einem Konzert im Gro\u00dfen Saal der Laeiszhalle zum Semesterende. Zwischen den Semestern liegen meist kleiner besetzte Sonderprojekte.<\/p>\n<p>Jedes Semester werden einige Pl\u00e4tze bei uns frei &#8211; Wenn Du Interesse hast, kontaktiere den entsprechenden Stimmf\u00fchrer aus der Liste unten.<\/p>\n<p>Wir w\u00fcrden uns freuen, Dich in unseren Reihen begr\u00fc\u00dfen zu d\u00fcrfen, und Dich bei einem Glas Bier oder Wein nach der Probe n\u00e4her kennenzulernen.<\/p>\n<p>Schreibe eine Mail an &#8211;&gt;\u00a0mitmachen@harvestehuder.de oder finde wichtige Telefonnummern unten auf dieser Seite.<\/p>\n<p><span style=\"color: #ffffff;\">.<\/span><\/p>\n<p><img loading=\"lazy\" decoding=\"async\" src=\"http:\/\/harvestehuder.de\/wp-content\/uploads\/2019\/01\/73640e12-1bbc-41bb-9a3e-68f44d57e723-300x225.jpg\" alt=\"\" class=\"alignnone size-medium wp-image-446\" width=\"300\" height=\"225\" srcset=\"https:\/\/harvestehuder.de\/wp-content\/uploads\/2019\/01\/73640e12-1bbc-41bb-9a3e-68f44d57e723-300x225.jpg 300w, https:\/\/harvestehuder.de\/wp-content\/uploads\/2019\/01\/73640e12-1bbc-41bb-9a3e-68f44d57e723-768x576.jpg 768w, https:\/\/harvestehuder.de\/wp-content\/uploads\/2019\/01\/73640e12-1bbc-41bb-9a3e-68f44d57e723-1024x768.jpg 1024w, https:\/\/harvestehuder.de\/wp-content\/uploads\/2019\/01\/73640e12-1bbc-41bb-9a3e-68f44d57e723.jpg 1600w\" sizes=\"auto, (max-width: 300px) 100vw, 300px\" \/><img loading=\"lazy\" decoding=\"async\" src=\"http:\/\/harvestehuder.de\/wp-content\/uploads\/2018\/03\/19984001_1363258007061736_7491106530194348591_o-300x225.jpg\" alt=\"\" class=\"alignnone size-medium wp-image-127\" width=\"300\" height=\"225\" srcset=\"https:\/\/harvestehuder.de\/wp-content\/uploads\/2018\/03\/19984001_1363258007061736_7491106530194348591_o-300x225.jpg 300w, https:\/\/harvestehuder.de\/wp-content\/uploads\/2018\/03\/19984001_1363258007061736_7491106530194348591_o-768x576.jpg 768w, https:\/\/harvestehuder.de\/wp-content\/uploads\/2018\/03\/19984001_1363258007061736_7491106530194348591_o.jpg 1024w\" sizes=\"auto, (max-width: 300px) 100vw, 300px\" \/><\/p>\n<p><img loading=\"lazy\" decoding=\"async\" src=\"https:\/\/harvestehuder.de\/wp-content\/uploads\/2022\/01\/IMG-6183_small_res-1024x751.jpg\" alt=\"\" class=\"alignnone wp-image-889 size-large\" width=\"750\" height=\"550\" srcset=\"https:\/\/harvestehuder.de\/wp-content\/uploads\/2022\/01\/IMG-6183_small_res-1024x751.jpg 1024w, https:\/\/harvestehuder.de\/wp-content\/uploads\/2022\/01\/IMG-6183_small_res-300x220.jpg 300w, https:\/\/harvestehuder.de\/wp-content\/uploads\/2022\/01\/IMG-6183_small_res-768x563.jpg 768w, https:\/\/harvestehuder.de\/wp-content\/uploads\/2022\/01\/IMG-6183_small_res-1536x1127.jpg 1536w, https:\/\/harvestehuder.de\/wp-content\/uploads\/2022\/01\/IMG-6183_small_res-2048x1502.jpg 2048w\" sizes=\"auto, (max-width: 750px) 100vw, 750px\" \/><img loading=\"lazy\" decoding=\"async\" src=\"https:\/\/harvestehuder.de\/wp-content\/uploads\/2018\/03\/orchester_probe-300x300.jpg\" alt=\"\" class=\"alignnone size-medium wp-image-102\" width=\"300\" height=\"300\" srcset=\"https:\/\/harvestehuder.de\/wp-content\/uploads\/2018\/03\/orchester_probe-300x300.jpg 300w, https:\/\/harvestehuder.de\/wp-content\/uploads\/2018\/03\/orchester_probe-150x150.jpg 150w, https:\/\/harvestehuder.de\/wp-content\/uploads\/2018\/03\/orchester_probe-768x768.jpg 768w, https:\/\/harvestehuder.de\/wp-content\/uploads\/2018\/03\/orchester_probe.jpg 960w\" sizes=\"auto, (max-width: 300px) 100vw, 300px\" \/><\/p>\n<p><span style=\"color: #ffffff;\">.<\/span><\/p>\n<h3>Mach mit: als F\u00f6rderer!<\/h3>\n<p>Werden Sie Mitglied im F\u00f6rderverein, tun Sie dem Orchester etwas Gutes, und bekommen Sie dazu Karten mit Sitzplatzreservierung bequem ins Haus! Details <a href=\"http:\/\/harvestehuder.de\/?page_id=71\">hier<\/a>.<\/p>\n<p><span style=\"color: #ffffff;\">.<\/span><\/p>\n<p><span style=\"color: #ffffff;\">.<\/span><\/p>\n<p><span style=\"color: #ffffff;\">.<\/span><\/p>\n<h3>Kontakte der Stimmf\u00fchrer:<\/h3>\n<p><strong>Geigen:<\/strong><\/p>\n<p style=\"padding-left: 60px;\">Charlotte F. 0163 69 79 527<\/p>\n<p><strong>Bratschen:<\/strong><\/p>\n<p style=\"padding-left: 60px;\">Regina O. 0175 &#8211; 24 40 501<\/p>\n<p><strong>Celli:<\/strong><\/p>\n<p style=\"padding-left: 60px;\">Lucienne S. <span data-sheets-root=\"1\">0176 36 03 22 47<\/span><\/p>\n<p><strong>B\u00e4sse:<\/strong><\/p>\n<p style=\"padding-left: 60px;\">Barbara Gr. 0160 &#8211; 32 13 730<\/p>\n<p style=\"padding-left: 60px;\">Jochen R. 0173 &#8211; 32 79 225<\/p>\n<p><strong>Holzbl\u00e4ser:<\/strong><\/p>\n<p style=\"padding-left: 60px;\">Michaela L. 61 21 25 mobil: 0163 &#8211; 61 21 250<\/p>\n<p style=\"padding-left: 60px;\">Katharina F. 0176 &#8211; 95 74 91 54<\/p>\n<p><strong>H\u00f6rner:<\/strong><\/p>\n<p style=\"padding-left: 60px;\">Uwe H. 0179 &#8211; 22 97 349<\/p>\n<p><strong>Blechbl\u00e4ser:<\/strong><\/p>\n<p style=\"padding-left: 60px;\">Joachim L. 0177 &#8211; 21 92 111<\/p>\n<p style=\"padding-left: 60px;\">Peter B. 0160 &#8211; 80 61 315<\/p>\n<p style=\"padding-left: 60px;\">Alexander K. 0163 &#8211; 868 10 72<\/p>\n<p><span style=\"color: #ffffff;\">.<\/span><\/p>\n<p><span style=\"color: #ffffff;\">.<\/span><\/p>\n<p><span style=\"color: #ffffff;\">.<\/span><\/p>\n<p><span style=\"color: #ffffff;\">.<\/span><\/p>\n","protected":false},"excerpt":{"rendered":"<p>.mit mitmachen@harvestehuder.de . Mach mit: als Musiker! Wir proben jeden Dienstag um 18:45 in Hamburg. Unsere Saison beginnt mit dem Semesteranfang und endet mit einem Konzert im Gro\u00dfen Saal der Laeiszhalle zum Semesterende. Zwischen den Semestern liegen meist kleiner besetzte Sonderprojekte. Jedes Semester werden einige Pl\u00e4tze bei uns frei &#8211;<a class=\"moretag\" href=\"https:\/\/harvestehuder.de\/?page_id=60\"> Weiterlesen<\/a><\/p>\n","protected":false},"author":1,"featured_media":61,"parent":0,"menu_order":6,"comment_status":"closed","ping_status":"closed","template":"","meta":{"footnotes":""},"class_list":["post-60","page","type-page","status-publish","has-post-thumbnail","hentry"],"_links":{"self":[{"href":"https:\/\/harvestehuder.de\/index.php?rest_route=\/wp\/v2\/pages\/60","targetHints":{"allow":["GET"]}}],"collection":[{"href":"https:\/\/harvestehuder.de\/index.php?rest_route=\/wp\/v2\/pages"}],"about":[{"href":"https:\/\/harvestehuder.de\/index.php?rest_route=\/wp\/v2\/types\/page"}],"author":[{"embeddable":true,"href":"https:\/\/harvestehuder.de\/index.php?rest_route=\/wp\/v2\/users\/1"}],"replies":[{"embeddable":true,"href":"https:\/\/harvestehuder.de\/index.php?rest_route=%2Fwp%2Fv2%2Fcomments&post=60"}],"version-history":[{"count":34,"href":"https:\/\/harvestehuder.de\/index.php?rest_route=\/wp\/v2\/pages\/60\/revisions"}],"predecessor-version":[{"id":1840,"href":"https:\/\/harvestehuder.de\/index.php?rest_route=\/wp\/v2\/pages\/60\/revisions\/1840"}],"wp:featuredmedia":[{"embeddable":true,"href":"https:\/\/harvestehuder.de\/index.php?rest_route=\/wp\/v2\/media\/61"}],"wp:attachment":[{"href":"https:\/\/harvestehuder.de\/index.php?rest_route=%2Fwp%2Fv2%2Fmedia&parent=60"}],"curies":[{"name":"wp","href":"https:\/\/api.w.org\/{rel}","templated":true}]}}