{"id":1476,"date":"2024-11-17T12:56:37","date_gmt":"2024-11-17T12:56:37","guid":{"rendered":"https:\/\/harvestehuder.de\/?page_id=1476"},"modified":"2026-02-24T23:04:07","modified_gmt":"2026-02-24T23:04:07","slug":"dirigenten","status":"publish","type":"page","link":"https:\/\/harvestehuder.de\/?page_id=1476","title":{"rendered":"DIRIGENTEN"},"content":{"rendered":"\n<div class=\"wp-block-media-text alignwide is-stacked-on-mobile is-vertically-aligned-top\" style=\"padding-top:var(--wp--preset--spacing--30);padding-right:0;padding-bottom:var(--wp--preset--spacing--30);padding-left:0;grid-template-columns:30% auto\"><figure class=\"wp-block-media-text__media\"><img loading=\"lazy\" decoding=\"async\" width=\"283\" height=\"395\" src=\"https:\/\/harvestehuder.de\/wp-content\/uploads\/2025\/09\/Felix.jpg\" alt=\"\" class=\"wp-image-1763 size-full\" srcset=\"https:\/\/harvestehuder.de\/wp-content\/uploads\/2025\/09\/Felix.jpg 283w, https:\/\/harvestehuder.de\/wp-content\/uploads\/2025\/09\/Felix-215x300.jpg 215w\" sizes=\"auto, (max-width: 283px) 100vw, 283px\" \/><\/figure><div class=\"wp-block-media-text__content\">\n<p style=\"border-style:none;border-width:0px;margin-top:0;margin-bottom:0;font-size:18px\"><strong>Felix Koltun ist seit dem Herbst 2025 st\u00e4ndiger Dirigent des Orchesters. <\/strong><\/p>\n\n\n\n<details class=\"wp-block-details is-layout-flow wp-block-details-is-layout-flow\" style=\"font-size:18px;font-style:normal;font-weight:400\"><summary><br>Felix Koltun ist ein deutscher Pianist und Dirigent mit polnischen Wurzeln. Er studierte zun\u00e4chst Klavier an der Hochschule f\u00fcr Musik und Tanz K\u00f6ln, bevor er sein Dirigierstudium bei Professor R\u00fcdiger Bohn an der Robert Schumann Hochschule D\u00fcsseldorf mit Auszeichnung absolvierte. Zu weiteren Stationen seiner Ausbildung z\u00e4hlen die Fr\u00e9d\u00e9ric Chopin Musikuniversit\u00e4t in Warschau und zahlreiche Meisterkurse und Arbeitsdirigate, u. a. bei Professor Nicolas Pasquet, Ekhart Wycik, Daniel Inbal, Christian von Gehren, Johannes Schlaefli, und zuletzt Johannes Klumpp und\u00a0 Michael Sanderling.<br><br>Er arbeitete mit zahlreichen namhaften Orchestern im In- und Ausland, darunter die Rum\u00e4nische Staatsphilharmonie Dinu Lipatti Satu Mare, die Neue Philharmonie Westfalen, die Niederrheinischen Sinfoniker, das Alegra Festival Orchester Sofia, die D\u00fcsseldorfer Symphoniker sowie das Radio-Sinfonieorchester Warschau. Felix Koltun war Chefdirigent des Concerto Langenfeld und des sinfonischen Blasorchesters Brass in Concert, anschlie\u00dfend \u00fcbernahm er die Leitung der K\u00f6lner Orchester-Gesellschaft. Im Bereich der zeitgen\u00f6ssischen Musik sammelte er au\u00dferdem Erfahrung mit dem Ensemble Musikfabrik K\u00f6ln sowie im Oratorienbereich, Oper und Musiktheater in Engagements am Grenzlandtheater Aachen und D\u00fcsseldorfer Schauspielhaus.<br><br>Er erreichte beim Internationalen Artur Nikisch Wettbewerb das Halbfinale und wurde beim Auswahldirigieren f\u00fcr die Ernst-Boehe-Akademie mit dem zweiten Platz ausgezeichnet. Aktuell ist Felix Koltun Dirigent der K\u00f6lner Orchester Gesellschaft und weiterhin in der musikalischen Nachwuchsarbeit und Ausbildungsf\u00f6rderung engagiert. Seit Oktober 2025 dirigiert er ebenfalls das Harvestehuder Sinfonieorchester Hamburg.<br>\u00a0<br>Zu seinen pers\u00f6nlichen Idolen z\u00e4hlen der Politiker Helmut Schmidt, dessen Weitblick und Bildung ihn tief beeindrucken, sowie sein Lieblingsdirigent Carlos Kleiber. Eigenschaften, die Felix auszeichnen und die andere vermutlich \u00fcber ihn sagen w\u00fcrden, sind Begeisterungsf\u00e4higkeit, Esprit, sein stets positiver Denkansatz und eine starke Liebe zur Musik.<\/summary>\n<p class=\"has-text-align-left\"><\/p>\n<\/details>\n<\/div><\/div>\n\n\n\n<div class=\"wp-block-media-text alignwide is-stacked-on-mobile is-vertically-aligned-top\" style=\"padding-top:var(--wp--preset--spacing--80);padding-right:0;padding-bottom:var(--wp--preset--spacing--80);padding-left:0;grid-template-columns:30% auto\"><figure class=\"wp-block-media-text__media\"><a href=\"https:\/\/massimotaddia.it\/\" target=\"_blank\" rel=\" noreferrer noopener\"><img loading=\"lazy\" decoding=\"async\" width=\"800\" height=\"800\" src=\"https:\/\/harvestehuder.de\/wp-content\/uploads\/2023\/09\/Taddia_Image.jpeg\" alt=\"\" class=\"wp-image-1159 size-full\" srcset=\"https:\/\/harvestehuder.de\/wp-content\/uploads\/2023\/09\/Taddia_Image.jpeg 800w, https:\/\/harvestehuder.de\/wp-content\/uploads\/2023\/09\/Taddia_Image-300x300.jpeg 300w, https:\/\/harvestehuder.de\/wp-content\/uploads\/2023\/09\/Taddia_Image-150x150.jpeg 150w, https:\/\/harvestehuder.de\/wp-content\/uploads\/2023\/09\/Taddia_Image-768x768.jpeg 768w\" sizes=\"auto, (max-width: 800px) 100vw, 800px\" \/><\/a><\/figure><div class=\"wp-block-media-text__content\">\n<p style=\"border-style:none;border-width:0px;margin-top:0;margin-bottom:0;font-size:18px;font-style:normal;font-weight:400\"><strong>Massimo Taddia<\/strong> ist &#8222;guest conductor&#8220; des Orchesters und unser &#8222;Patron of cultural exchange&#8220;<\/p>\n\n\n\n<p style=\"border-style:none;border-width:0px;margin-right:0;margin-left:0;padding-top:0;padding-right:0;padding-bottom:0;padding-left:0;font-size:15px\"><\/p>\n\n\n\n<p class=\"has-small-font-size\"><\/p>\n\n\n\n<p><\/p>\n<\/div><\/div>\n\n\n\n<div class=\"wp-block-media-text alignwide is-stacked-on-mobile is-vertically-aligned-top\" style=\"padding-top:var(--wp--preset--spacing--80);padding-bottom:var(--wp--preset--spacing--80);grid-template-columns:30% auto\"><figure class=\"wp-block-media-text__media\"><img loading=\"lazy\" decoding=\"async\" width=\"1024\" height=\"1024\" src=\"https:\/\/harvestehuder.de\/wp-content\/uploads\/2024\/11\/Dirigent-grafik-1024x1024.jpg\" alt=\"\" class=\"wp-image-1519 size-full\" srcset=\"https:\/\/harvestehuder.de\/wp-content\/uploads\/2024\/11\/Dirigent-grafik-1024x1024.jpg 1024w, https:\/\/harvestehuder.de\/wp-content\/uploads\/2024\/11\/Dirigent-grafik-300x300.jpg 300w, https:\/\/harvestehuder.de\/wp-content\/uploads\/2024\/11\/Dirigent-grafik-150x150.jpg 150w, https:\/\/harvestehuder.de\/wp-content\/uploads\/2024\/11\/Dirigent-grafik-768x768.jpg 768w, https:\/\/harvestehuder.de\/wp-content\/uploads\/2024\/11\/Dirigent-grafik.jpg 1080w\" sizes=\"auto, (max-width: 1024px) 100vw, 1024px\" \/><\/figure><div class=\"wp-block-media-text__content\">\n<p style=\"font-size:18px;font-style:normal;font-weight:400\"><strong>Vorherige Dirigenten:<\/strong><br><br>Philip Hildebrand 2024-2025<br>Robin Portune 2023-2024<br>Emanuel Dantscher 2023<br>Christian Kunert 2016-2023<br>Harish Shankar 2013-2016<br>Alexander Merzyn 2011-2013<br>Leslie Suganandarajah 2008-2011<br>Christoph St\u00f6cker 2008<br>Adrian Kelly 2006-2008<br>Christoph St\u00f6cker 2004-2006<br>Mark Rohde 2002-2004<br>Siegfried Schwab 2001-2002<br>Bruno Merse 1999-2001<br>Dietger Holm 1997-1999<br>Gabriel Feltz 1996-1997<br>Michael Schmidtsdorff 1992-1996<br>Sebastian Lang-Lessing 1990-1992<br>Carlos Spierer 1986-1990<br>Stephan Tetzlaff 1983-1986<br>Bruno Leuschner 1981-1983<br>Andreas Delfs 1980-1981<br>Holger Zindler 1976-1980<br>Hans-Christian Merzyn 1974-1976<br>Matthias Husmann 1970-1974<br>Christof Prick (Ehrendirigent) 1966-1970<\/p>\n\n\n\n<p><\/p>\n\n\n\n<p><\/p>\n\n\n\n<p><\/p>\n\n\n\n<p><\/p>\n\n\n\n<p><\/p>\n\n\n\n<p><\/p>\n\n\n\n<p><\/p>\n\n\n\n<p><\/p>\n\n\n\n<p><\/p>\n\n\n\n<p><\/p>\n\n\n\n<p><\/p>\n\n\n\n<p><\/p>\n\n\n\n<p><\/p>\n\n\n\n<p><\/p>\n\n\n\n<p class=\"has-text-align-left\"><\/p>\n\n\n\n<p><\/p>\n\n\n\n<p><\/p>\n\n\n\n<p><\/p>\n\n\n\n<p><\/p>\n\n\n\n<p><\/p>\n\n\n\n<p><\/p>\n\n\n\n<p><\/p>\n<\/div><\/div>\n\n\n\n<p><\/p>\n\n\n\n<p><\/p>\n","protected":false},"excerpt":{"rendered":"<p>Massimo Taddia ist &#8222;guest conductor&#8220; des Orchesters und unser &#8222;Patron of cultural exchange&#8220; Vorherige Dirigenten: Philip Hildebrand 2024-2025Robin Portune 2023-2024Emanuel Dantscher 2023Christian Kunert 2016-2023Harish Shankar 2013-2016Alexander Merzyn 2011-2013Leslie Suganandarajah 2008-2011Christoph St\u00f6cker 2008Adrian Kelly 2006-2008Christoph St\u00f6cker 2004-2006Mark Rohde 2002-2004Siegfried Schwab 2001-2002Bruno Merse 1999-2001Dietger Holm 1997-1999Gabriel Feltz 1996-1997Michael Schmidtsdorff 1992-1996Sebastian Lang-Lessing 1990-1992Carlos<a class=\"moretag\" href=\"https:\/\/harvestehuder.de\/?page_id=1476\"> Weiterlesen<\/a><\/p>\n","protected":false},"author":1,"featured_media":1044,"parent":0,"menu_order":0,"comment_status":"closed","ping_status":"closed","template":"","meta":{"footnotes":""},"class_list":["post-1476","page","type-page","status-publish","has-post-thumbnail","hentry"],"_links":{"self":[{"href":"https:\/\/harvestehuder.de\/index.php?rest_route=\/wp\/v2\/pages\/1476","targetHints":{"allow":["GET"]}}],"collection":[{"href":"https:\/\/harvestehuder.de\/index.php?rest_route=\/wp\/v2\/pages"}],"about":[{"href":"https:\/\/harvestehuder.de\/index.php?rest_route=\/wp\/v2\/types\/page"}],"author":[{"embeddable":true,"href":"https:\/\/harvestehuder.de\/index.php?rest_route=\/wp\/v2\/users\/1"}],"replies":[{"embeddable":true,"href":"https:\/\/harvestehuder.de\/index.php?rest_route=%2Fwp%2Fv2%2Fcomments&post=1476"}],"version-history":[{"count":69,"href":"https:\/\/harvestehuder.de\/index.php?rest_route=\/wp\/v2\/pages\/1476\/revisions"}],"predecessor-version":[{"id":1863,"href":"https:\/\/harvestehuder.de\/index.php?rest_route=\/wp\/v2\/pages\/1476\/revisions\/1863"}],"wp:featuredmedia":[{"embeddable":true,"href":"https:\/\/harvestehuder.de\/index.php?rest_route=\/wp\/v2\/media\/1044"}],"wp:attachment":[{"href":"https:\/\/harvestehuder.de\/index.php?rest_route=%2Fwp%2Fv2%2Fmedia&parent=1476"}],"curies":[{"name":"wp","href":"https:\/\/api.w.org\/{rel}","templated":true}]}}

<div class="wp-block-media-text alignwide is-stacked-on-mobile is-vertically-aligned-top" style="padding-top:var(--wp--preset--spacing--30);padding-right:0;padding-bottom:var(--wp--preset--spacing--30);padding-left:0;grid-template-columns:30% auto"><figure class="wp-block-media-text__media"><img loading="lazy" decoding="async" width="283" height="395" src="https://harvestehuder.de/wp-content/uploads/2025/09/Felix.jpg" alt="" class="wp-image-1763 size-full" srcset="https://harvestehuder.de/wp-content/uploads/2025/09/Felix.jpg 283w, https://harvestehuder.de/wp-content/uploads/2025/09/Felix-215x300.jpg 215w" sizes="auto, (max-width: 283px) 100vw, 283px" /></figure><div class="wp-block-media-text__content">
<p style="border-style:none;border-width:0px;margin-top:0;margin-bottom:0;font-size:18px"><strong>Felix Koltun ist seit dem Herbst 2025 ständiger Dirigent des Orchesters. </strong></p>



<details class="wp-block-details is-layout-flow wp-block-details-is-layout-flow" style="font-size:18px;font-style:normal;font-weight:400"><summary><br>Felix Koltun ist ein deutscher Pianist und Dirigent mit polnischen Wurzeln. Er studierte zunächst Klavier an der Hochschule für Musik und Tanz Köln, bevor er sein Dirigierstudium bei Professor Rüdiger Bohn an der Robert Schumann Hochschule Düsseldorf mit Auszeichnung absolvierte. Zu weiteren Stationen seiner Ausbildung zählen die Frédéric Chopin Musikuniversität in Warschau und zahlreiche Meisterkurse und Arbeitsdirigate, u. a. bei Professor Nicolas Pasquet, Ekhart Wycik, Daniel Inbal, Christian von Gehren, Johannes Schlaefli, und zuletzt Johannes Klumpp und  Michael Sanderling.<br><br>Er arbeitete mit zahlreichen namhaften Orchestern im In- und Ausland, darunter die Rumänische Staatsphilharmonie Dinu Lipatti Satu Mare, die Neue Philharmonie Westfalen, die Niederrheinischen Sinfoniker, das Alegra Festival Orchester Sofia, die Düsseldorfer Symphoniker sowie das Radio-Sinfonieorchester Warschau. Felix Koltun war Chefdirigent des Concerto Langenfeld und des sinfonischen Blasorchesters Brass in Concert, anschließend übernahm er die Leitung der Kölner Orchester-Gesellschaft. Im Bereich der zeitgenössischen Musik sammelte er außerdem Erfahrung mit dem Ensemble Musikfabrik Köln sowie im Oratorienbereich, Oper und Musiktheater in Engagements am Grenzlandtheater Aachen und Düsseldorfer Schauspielhaus.<br><br>Er erreichte beim Internationalen Artur Nikisch Wettbewerb das Halbfinale und wurde beim Auswahldirigieren für die Ernst-Boehe-Akademie mit dem zweiten Platz ausgezeichnet. Aktuell ist Felix Koltun Dirigent der Kölner Orchester Gesellschaft und weiterhin in der musikalischen Nachwuchsarbeit und Ausbildungsförderung engagiert. Seit Oktober 2025 dirigiert er ebenfalls das Harvestehuder Sinfonieorchester Hamburg.<br> <br>Zu seinen persönlichen Idolen zählen der Politiker Helmut Schmidt, dessen Weitblick und Bildung ihn tief beeindrucken, sowie sein Lieblingsdirigent Carlos Kleiber. Eigenschaften, die Felix auszeichnen und die andere vermutlich über ihn sagen würden, sind Begeisterungsfähigkeit, Esprit, sein stets positiver Denkansatz und eine starke Liebe zur Musik.</summary>
<p class="has-text-align-left"></p>
</details>
</div></div>



<div class="wp-block-media-text alignwide is-stacked-on-mobile is-vertically-aligned-top" style="padding-top:var(--wp--preset--spacing--80);padding-right:0;padding-bottom:var(--wp--preset--spacing--80);padding-left:0;grid-template-columns:30% auto"><figure class="wp-block-media-text__media"><a href="https://massimotaddia.it/" target="_blank" rel=" noreferrer noopener"><img loading="lazy" decoding="async" width="800" height="800" src="https://harvestehuder.de/wp-content/uploads/2023/09/Taddia_Image.jpeg" alt="" class="wp-image-1159 size-full" srcset="https://harvestehuder.de/wp-content/uploads/2023/09/Taddia_Image.jpeg 800w, https://harvestehuder.de/wp-content/uploads/2023/09/Taddia_Image-300x300.jpeg 300w, https://harvestehuder.de/wp-content/uploads/2023/09/Taddia_Image-150x150.jpeg 150w, https://harvestehuder.de/wp-content/uploads/2023/09/Taddia_Image-768x768.jpeg 768w" sizes="auto, (max-width: 800px) 100vw, 800px" /></a></figure><div class="wp-block-media-text__content">
<p style="border-style:none;border-width:0px;margin-top:0;margin-bottom:0;font-size:18px;font-style:normal;font-weight:400"><strong>Massimo Taddia</strong> ist &#8222;guest conductor&#8220; des Orchesters und unser &#8222;Patron of cultural exchange&#8220;</p>



<p style="border-style:none;border-width:0px;margin-right:0;margin-left:0;padding-top:0;padding-right:0;padding-bottom:0;padding-left:0;font-size:15px"></p>



<p class="has-small-font-size"></p>



<p></p>
</div></div>



<div class="wp-block-media-text alignwide is-stacked-on-mobile is-vertically-aligned-top" style="padding-top:var(--wp--preset--spacing--80);padding-bottom:var(--wp--preset--spacing--80);grid-template-columns:30% auto"><figure class="wp-block-media-text__media"><img loading="lazy" decoding="async" width="1024" height="1024" src="https://harvestehuder.de/wp-content/uploads/2024/11/Dirigent-grafik-1024x1024.jpg" alt="" class="wp-image-1519 size-full" srcset="https://harvestehuder.de/wp-content/uploads/2024/11/Dirigent-grafik-1024x1024.jpg 1024w, https://harvestehuder.de/wp-content/uploads/2024/11/Dirigent-grafik-300x300.jpg 300w, https://harvestehuder.de/wp-content/uploads/2024/11/Dirigent-grafik-150x150.jpg 150w, https://harvestehuder.de/wp-content/uploads/2024/11/Dirigent-grafik-768x768.jpg 768w, https://harvestehuder.de/wp-content/uploads/2024/11/Dirigent-grafik.jpg 1080w" sizes="auto, (max-width: 1024px) 100vw, 1024px" /></figure><div class="wp-block-media-text__content">
<p style="font-size:18px;font-style:normal;font-weight:400"><strong>Vorherige Dirigenten:</strong><br><br>Philip Hildebrand 2024-2025<br>Robin Portune 2023-2024<br>Emanuel Dantscher 2023<br>Christian Kunert 2016-2023<br>Harish Shankar 2013-2016<br>Alexander Merzyn 2011-2013<br>Leslie Suganandarajah 2008-2011<br>Christoph Stöcker 2008<br>Adrian Kelly 2006-2008<br>Christoph Stöcker 2004-2006<br>Mark Rohde 2002-2004<br>Siegfried Schwab 2001-2002<br>Bruno Merse 1999-2001<br>Dietger Holm 1997-1999<br>Gabriel Feltz 1996-1997<br>Michael Schmidtsdorff 1992-1996<br>Sebastian Lang-Lessing 1990-1992<br>Carlos Spierer 1986-1990<br>Stephan Tetzlaff 1983-1986<br>Bruno Leuschner 1981-1983<br>Andreas Delfs 1980-1981<br>Holger Zindler 1976-1980<br>Hans-Christian Merzyn 1974-1976<br>Matthias Husmann 1970-1974<br>Christof Prick (Ehrendirigent) 1966-1970</p>



<p></p>



<p></p>



<p></p>



<p></p>



<p></p>



<p></p>



<p></p>



<p></p>



<p></p>



<p></p>



<p></p>



<p></p>



<p></p>



<p></p>



<p class="has-text-align-left"></p>



<p></p>



<p></p>



<p></p>



<p></p>



<p></p>



<p></p>



<p></p>
</div></div>



<p></p>



<p></p>

<p>Massimo Taddia ist &#8222;guest conductor&#8220; des Orchesters und unser &#8222;Patron of cultural exchange&#8220; Vorherige Dirigenten: Philip Hildebrand 2024-2025Robin Portune 2023-2024Emanuel Dantscher 2023Christian Kunert 2016-2023Harish Shankar 2013-2016Alexander Merzyn 2011-2013Leslie Suganandarajah 2008-2011Christoph Stöcker 2008Adrian Kelly 2006-2008Christoph Stöcker 2004-2006Mark Rohde 2002-2004Siegfried Schwab 2001-2002Bruno Merse 1999-2001Dietger Holm 1997-1999Gabriel Feltz 1996-1997Michael Schmidtsdorff 1992-1996Sebastian Lang-Lessing 1990-1992Carlos<a class="moretag" href="https://harvestehuder.de/?page_id=1476"> Weiterlesen</a></p>
